 d(w).
7
Let p = 45 - 47. Let o(z) = 3*z**2 + 4*z + 3. Calculate o(p).
7
Suppose -3*z - 5 = -2. Let i(s) be the third derivative of -s**6/12 - s**5/30 + s**3/6 - 4*s**2. Give i(z).
9
Let d(a) = -9*a - 9. Let f(k) = -9*k - 10. Let x(c) = -3*d(c) + 2*f(c). Let m(v) = -3*v - 2. Let j(u) = 11*m(u) + 4*x(u). What is j(-5)?
-9
Suppose 0 = m + m. Let p(u) = 0*u + m*u - u + 2 - 3. Give p(-2).
1
Let g(q) be the third derivative of q**6/120 + q**5/15 - q**4/24 + 2*q**3/3 - 5*q**2. Calculate g(-3).
16
Let x(o) = -o**3 + 4*o**2 + 6*o - 1. Suppose 6*p = 11 + 19. What is x(p)?
4
Let o(l) = 2*l**2 + 1. Suppose 8*m - 6*m = 4. Give o(m).
9
Let k(h) = h**2 + 7*h + 8. Suppose 0 = -5*m - 3*q - 5, -3*m + 2*m - 4*q = 18. Suppose m*n - 2 = -14. Calculate k(n).
2
Let v(c) = 0*c**2 + c + c + 0 - 2 + c**2. Calculate v(-2).
-2
Let g(f) be the second derivative of -f**7/2520 + f**5/20 - 5*f**4/12 - 3*f. Let m(u) be the third derivative of g(u). What is m(0)?
6
Suppose 5*q + 10 = -h, -2*q = -4*q - 4*h - 4. Let d = q + 1. Let u(r) = 2*r**2 - r - 1. What is u(d)?
2
Let i(h) = -5 + 2 + 1 - h**3 - 3*h**2 - 2 + 3*h. Let q be i(-4). Suppose -a = -q*a - 2. Let g(y) = -y**3 + 4*y**2 - y - 1. Give g(a).
5
Let w be (-2)/(-4) + (-42)/(-12). Let u(q) = -6*q**2 - 4 + 5*q**2 - 7*q + q**3 + 2*q + w*q**2. Let o = -9 + 5. Determine u(o).
0
Let p(r) = -r**2 + 6*r - 1. Suppose -5*l - 10 = 0, -4*o = -0*l - 2*l - 24. Calculate p(o).
4
Let s(f) = f + 7. Let b be s(-4). Suppose -b*h - 2*j + 33 = j, -3*h + 38 = -2*j. Suppose 5*a - h = a. Let g(t) = -t**3 + 3*t**2 - 3*t + 4. Calculate g(a).
-5
Suppose 2*r = -r. Let c(y) = -4*y**2 + r*y**2 - 3*y**2 + 0*y**2 + 1. Suppose -3*a - 12 + 9 = 0. Calculate c(a).
-6
Let w(n) = -n**2 - 5*n + 8. Let d be (-4 - -2)/(-2) - 7. Let g be w(d). Let r(t) = 1 + 6*t**2 - 5*t - 3*t**2 - g*t**2. Determine r(4).
-3
Let t(x) = 2*x - 4. Let l be t(5). Suppose o + k + 2*k = 16, 5*k = 20. Suppose 0 = -o*i - 2 + l. Let c(d) = 3*d**3 - d**2 + 1. What is c(i)?
3
Let o(d) = -7*d**2 - 5*d + 15. Let v(g) = -11*g**2 - 7*g + 22. Let t(z) = -8*o(z) + 5*v(z). Let x = 15 - 22. Determine t(x).
4
Let n(f) = -8*f - 6*f**3 + 17*f - 4 - 8*f + 3. Give n(1).
-6
Let j be 0 + 0 + 8*(-4)/(-8). Let x(h) = -2*h**2 + 5*h + 4. Give x(j).
-8
Let g(u) = 8*u + 7. Let p(b) = 3*b + 2. Let w = 14 - 7. Let d(t) = w*p(t) - 2*g(t). Calculate d(-1).
-5
Let z(i) = i**3 + i**2 - 4*i + 3. Let t be z(2). Let m(g) = g**3 - 8*g**2 + 5*g + 10. Let a be m(t). Let y(p) = p**3 + 5*p**2 + 5*p + 6. Calculate y(a).
2
Let l(j) = 11*j**2 + 15*j - 8. Let t(c) = -5*c**2 - 7*c + 4. Let a(v) = 6*l(v) + 13*t(v). Give a(3).
10
Suppose 0 = 2*q + q - 12. Let a(l) = q + 0 - l - 2 + 0. Let z be 1/(((-1)/5)/(-1)). Give a(z).
-3
Let c = -2 + -9. Let y(f) = 5*f**3 - 11*f**2 + 11*f + 41. Let i(r) = r**3 - 2*r**2 + 2*r + 8. Let x(p) = c*i(p) + 2*y(p). Calculate x(0).
-6
Let o(m) = -2*m + 6. Suppose x = -10 + 5. Calculate o(x).
16
Let i(j) be the third derivative of -j**4/24 + 2*j**3/3 - j**2. Let b = -156 + 160. Determine i(b).
0
Suppose 2*r = -4*v - 13 - 1, 2*v = 2*r + 8. Let w(l) = 6*l**3 - l - 1. Give w(v).
-6
Let d(s) = 39 + 3*s - s - 32. Calculate d(-6).
-5
Let q(r) = r**2 + 5*r + 10. Let c(l) = l**2 + 4*l + 10. Let t(f) = -4*c(f) + 3*q(f). Let g be 9 + -8 - -1*2. Let i be 1/(-4) - g/(-12). Give t(i).
-10
Let y = 6 - 4. Let t(w) be the third derivative of -5*w**4/24 + w**3/3 - 11*w**2. Determine t(y).
-8
Let m(s) be the third derivative of 0 + 11/24*s**4 - 6*s**2 - 1/6*s**3 + 0*s. Give m(-1).
-12
Let x be (-1)/1 + 2 + 3. Let l(q) be the third derivative of 0*q - q**2 + 0 + 1/12*q**5 + 1/6*q**3 - 1/12*q**x. What is l(1)?
4
Let k(u) = 2*u + 2. Let s be k(3). Let p(m) = m**2 - 9*m + 6. Calculate p(s).
-2
Let h(w) = 1198*w**2 + 4*w - 4 - 2*w**3 - 1194*w**2 + w**3. What is h(4)?
12
Let v(w) = -w - 3. Let c = -6 + 47. Suppose -2*u - c + 5 = 0. Let n be 86/u - 2/9. Give v(n).
2
Let v be (-4)/((-5)/((-15)/(-6))). Let c(s) = -4*s - 5. Let d(m) = 8*m + 11. Let b(x) = v*d(x) + 5*c(x). Determine b(-2).
5
Let g(z) = -z**3 - 6*z**2 + 1. Let u be g(-6). Let y = u - -2. Let h(n) = -5*n**2 + 4 - 4*n - 3 - 3 - n**y. What is h(-2)?
-6
Let p(h) = 2*h**3 + 3*h**2 - 2. Let z be 40/10*(-2)/4. Give p(z).
-6
Let x(g) = g**2 + 3*g + 5. Let b(o) = 1. Let n(i) = -2*b(i) + x(i). Suppose -7*k + 6 = -4*k. Suppose k*u + 2*u = -16. Determine n(u).
7
Let m(n) = n**2 - 4*n - 7. Let d be (-30)/(-9)*6/4. Let s be m(d). Let o(f) = 4*f + 3. Let q(x) = -9*x - 7. Let b(u) = 5*o(u) + 2*q(u). Determine b(s).
-3
Let j = -6 - -6. Let t(q) = j*q - 2*q + 30 - 32. Determine t(-2).
2
Let u(i) be the second derivative of i**3/6 - i**2/2 + 7*i. Determine u(4).
3
Let q(g) = -g**3 + 4*g**2 - 2*g. Let y be (21/(-12) - -2)*12. Determine q(y).
3
Let s(f) = 11*f**3 + 6*f**2 + 5*f + 5. Let q(i) be the first derivative of 7*i**4/4 + 4*i**3/3 + 3*i**2/2 + 3*i - 5. Let x(z) = -8*q(z) + 5*s(z). Give x(-3).
7
Let l(r) be the first derivative of 2 - 3 + 3*r**2 + 0. Calculate l(1).
6
Let u(o) = -o**2 + 9*o - 11. Suppose 1 = -2*f + f. Let k(a) = -7*a**3 + a**2. Let i be k(f). Let y be u(i). Let p(g) = g**2 + 5*g + 2. Give p(y).
-4
Suppose 13 = 5*v + 33. Let g(r) = -r**2 - 5*r - 3. Give g(v).
1
Let o = -1 + 0. Let c(g) be the third derivative of 0*g + 0*g**3 + 1/8*g**4 + 0 - 2*g**2. Give c(o).
-3
Let x(v) = v**3 - 5*v**2 - 4*v + 2. Let a(s) = -s. Let h(o) = 2*a(o) - x(o). Let w be 26/6 - 4/(-6). Give h(w).
8
Suppose 0*n + 2*n - 30 = 0. Suppose -h = 2*h + n. Let j = h - -2. Let o(k) = -k - 1. What is o(j)?
2
Suppose -16 = -4*g + 2*q, -7*g + 2*g = 4*q + 6. Let f(o) = 3*o - 5. Determine f(g).
1
Let q(k) be the first derivative of 7*k**5/60 + k**4/24 - 3*k**2/2 + 1. Let o(u) be the second derivative of q(u). Calculate o(-1).
6
Let m(d) = 6*d**2 - 7*d**2 - 2*d - 2*d + 3. Calculate m(-4).
3
Let b(n) = n**2 + 5*n + 3. Let g(y) be the first derivative of -y**3/3 + 3*y**2/2 - 3*y - 3. Let r be g(3). Determine b(r).
-3
Let a = 70 - 76. Let n(y) = y - 4*y + y - 5. What is n(a)?
7
Let t(c) be the second derivative of 0 - 1/4*c**5 + 3*c + 1/2*c**2 + 0*c**3 - 1/6*c**4. Give t(1).
-6
Let j be (-10)/(-4)*(-4 + 2). Let t = 8 + j. Let f(r) = r**3 + 2*r**2 - 2*r**2 - 3*r**2 - 3. Determine f(t).
-3
Let z(s) = 16*s + 9 - 10*s + s**2 - 5*s. What is z(0)?
9
Let n(y) = 2*y - 4. Suppose 0 = -l - 0 + 28. Suppose -o + l = 3*o. Let p = 10 - o. Determine n(p).
2
Let i = 6 + -1. Let w(t) = 9 + i - 5 - t. Give w(5).
4
Let w = -6 - -1. Let h(z) be the second derivative of z**5/120 + z**4/4 - z**3/2 - z. Let r(o) be the second derivative of h(o). Calculate r(w).
1
Let w(s) = -s**2 + 6*s - 6. Suppose 0*r = 2*r - 10. Suppose 36 - 6 = r*b. Determine w(b).
-6
Let l(c) = c**3 - 5*c**2 + 5. Let i be l(5). Suppose 20 = -m + i*m. Let b(h) be the second derivative of h**5/20 - h**4/2 + 2*h**3/3 + h**2 - h. Give b(m).
-3
Suppose 4 = -4*f, 5*t + 13 = 3*t - 3*f. Let w(j) = 2*j + 5. What is w(t)?
-5
Let u(h) be the second derivative of h**5/20 + h**4/2 + 7*h**3/6 + 2*h**2 + h. Let d be 3*4/(48/(-20)). Calculate u(d).
-6
Suppose 4*b = -s, -14*s + 5*b - 25 = -9*s. Let f(m) = m**3 - 2 + 4*m**2 + 0*m + 0*m. Give f(s).
-2
Let h(j) = j**3 + 6*j**2 + 4*j - 3. Suppose 0*b = 9*b + 45. Calculate h(b).
2
Let d(r) = 3*r**2 - r. Suppose -9*g - 7 = -2*g. Give d(g).
4
Let j(y) = -y + 2. Let a(u) be the first derivative of u**2/2 - 2*u + 1. Let z be a(5). Suppose -3*d - 2*x = -14, z*x + 4 = 5*d + 6. What is j(d)?
0
Let z = 14 - 20. Let d(q) = -2*q - 9. Determine d(z).
3
Let k(l) = l**3 + 6*l**2 + 7*l - 2. Suppose 0 = -0*h - 2*h - 10. What is k(h)?
-12
Let t(l) be the second derivative of l**5/10 + l**4/4 - l**3/2 - l**2/2 + 5*l. What is t(-3)?
-19
Let h be (2 + 3/6)*-2. Let r = 8 - 7. Let v(i) = -2*i**2 + 7*i - 1. Let o(z) = -z**2 + z. Let n(j) = r*v(j) - 3*o(j). Determine n(h).
4
Let z(c) = c + 1. Let j(v) = 8*v + 9. Let g(w) = j(w) - 6*z(w). Determine g(4).
11
Let p(o) = -o - 10. Let s = -7 - -7. Suppose 5*x + 3*v - 100 = s, -2*v = -2*x - 6*v + 40. Suppose -7*z = -3*z + x. Determine p(z).
-5
Let o(w) = w + 1. Let z be o(-3). Let p(m) be the first derivative of -m**3 - 3*m**2/2 - 5. Give p(z).
-6
Let i be (-15)/10*2 + 2 + 1. Let s(q) be the second derivative of i - 1/4*q**5 - 3*q + 1/6*q**3 + 0*q**4 + 1/2*q**2. Determine s(-1).
5
Let f(t) = 2*t - 3. Let